{"id":2,"date":"2016-04-29T20:14:43","date_gmt":"2016-04-29T19:14:43","guid":{"rendered":"http:\/\/ergo-lib.fr\/wp\/?page_id=2"},"modified":"2022-09-15T23:12:02","modified_gmt":"2022-09-15T22:12:02","slug":"bienvenue","status":"publish","type":"page","link":"https:\/\/ergo-lib.fr\/","title":{"rendered":"Pr\u00e9sentation"},"content":{"rendered":"\n<blockquote class=\"wp-block-quote is-style-large\"><p>La vie, c\u2019est comme une bicyclette, il faut avancer pour ne pas perdre l\u2019\u00e9quilibre.<\/p><cite>Albert Einstein<\/cite><\/blockquote>\n\n\n\n<hr class=\"wp-block-separator has-css-opacity\"\/>\n\n\n\n<p>Le cabinet d&rsquo;ergoth\u00e9rapie Ergo&rsquo;Lib  a \u00e9t\u00e9 cr\u00e9\u00e9 en 2009 et se situe sur 3 sites : <strong>Magny en Vexin<\/strong>, <strong>Pontoise et St Cr\u00e9pin Ibouvillers<\/strong>.<\/p>\n\n\n\n<p>Le cabinet est maintenant compos\u00e9 de 9&nbsp;ergoth\u00e9rapeutes :<\/p>\n\n\n\n<div class=\"wp-container-4 wp-block-columns has-2-columns\">\n<div class=\"wp-container-1 wp-block-column\">\n<p style=\"text-align:center;background-color:#7030a0;color:#FFF;   height: 48px; line-height: 46px;\"><strong>St Cr\u00e9pin-Ibouvillers<\/strong><\/p>\n\n\n\n<ul>\n<li><strong>Perrine BERNARD<\/strong><\/li>\n<li><strong>Sophie BOUCHE<\/strong><\/li>\n<\/ul>\n\n\n\n<p><\/p>\n<\/div>\n\n\n\n<div class=\"wp-container-2 wp-block-column\">\n<p style=\"text-align:center;background-color:#7030a0;color:#FFF;   height: 48px; line-height: 46px;\"><strong> Magny-en-Vexin<\/strong><\/p>\n\n\n\n<ul>\n<li><strong>Perrine BERNARD<\/strong><\/li>\n<li><strong>Perrine CHRETIEN<\/strong><\/li>\n<li>\n<strong>Sophie BOUCHE<\/strong><\/li>\n<li><strong>Estelle BENARD<\/strong><\/li><li><strong>Justine BARBOSA<\/strong><\/li>\n<\/ul>\n<\/div>\n\n\n\n<div class=\"wp-container-3 wp-block-column\">\n<p style=\"text-align:center;background-color:#7030a0;color:#FFF;height: 48px; line-height: 46px;\"> <strong>Pontoise<\/strong> <\/p>\n\n\n\n<ul>\n<li><strong>Danielle LE ROUX HAMEL<\/strong><\/li>\n<li><strong>El\u00e9onore GILLET<\/strong><\/li>\n<li><strong>Patricia TURPIN<\/strong><\/li>\n<li><strong>L\u00e9ana LODI<\/strong><\/li>\n<\/ul>\n<\/div>\n<\/div>\n\n\n\n<p>Nous accueillons aussi au sein de<strong> notre \u00e9quipe de Pontoise<\/strong> :<\/p>\n\n\n\n<ul><li><strong>Marie H\u00e9l\u00e8ne GUIGON-VU<\/strong>, Psychologue clinicienne Enfant, Adolescent et Adulte : 07 83 05 54 38<\/li><\/ul>\n\n\n\n<p>Les accompagnements se font dans nos cabinets, mais aussi \u00e0 domicile, dans les \u00e9coles ou les structures collectives.<br>Nous pouvons nous d\u00e9placer dans le Val d&rsquo;Oise (95) et dans les d\u00e9partements limitrophes ( 60, 78, 27 ).<\/p>\n\n\n\n<p>Etant en lien continu avec les Instituts de Formation en Ergoth\u00e9rapie, Ergo&rsquo;Lib est&nbsp;lieu de stage pour les \u00e9tudiants tout au long de leur formation.<\/p>\n\n\n\n<p>N&rsquo;h\u00e9sitez pas \u00e0 prendre contact avec nous.<\/p>\n","protected":false},"excerpt":{"rendered":"<p>La vie, c\u2019est comme une bicyclette, il faut avancer pour ne pas perdre l\u2019\u00e9quilibre. Albert Einstein Le cabinet d&rsquo;ergoth\u00e9rapie Ergo&rsquo;Lib a \u00e9t\u00e9 cr\u00e9\u00e9 en 2009 et se situe sur 3 sites : Magny en Vexin, Pontoise et St Cr\u00e9pin Ibouvillers. Le cabinet est maintenant compos\u00e9 de 9&nbsp;ergoth\u00e9rapeutes : St Cr\u00e9pin-Ibouvillers Perrine BERNARD Sophie BOUCHE Magny-en-Vexin <a class=\"more-link\" href=\"https:\/\/ergo-lib.fr\/\">En lire plus<\/a><\/p>\n","protected":false},"author":2,"featured_media":0,"parent":0,"menu_order":0,"comment_status":"closed","ping_status":"open","template":"","meta":[],"_links":{"self":[{"href":"https:\/\/ergo-lib.fr\/index.php\/wp-json\/wp\/v2\/pages\/2"}],"collection":[{"href":"https:\/\/ergo-lib.fr\/index.php\/wp-json\/wp\/v2\/pages"}],"about":[{"href":"https:\/\/ergo-lib.fr\/index.php\/wp-json\/wp\/v2\/types\/page"}],"author":[{"embeddable":true,"href":"https:\/\/ergo-lib.fr\/index.php\/wp-json\/wp\/v2\/users\/2"}],"replies":[{"embeddable":true,"href":"https:\/\/ergo-lib.fr\/index.php\/wp-json\/wp\/v2\/comments?post=2"}],"version-history":[{"count":16,"href":"https:\/\/ergo-lib.fr\/index.php\/wp-json\/wp\/v2\/pages\/2\/revisions"}],"predecessor-version":[{"id":1413,"href":"https:\/\/ergo-lib.fr\/index.php\/wp-json\/wp\/v2\/pages\/2\/revisions\/1413"}],"wp:attachment":[{"href":"https:\/\/ergo-lib.fr\/index.php\/wp-json\/wp\/v2\/media?parent=2"}],"curies":[{"name":"wp","href":"https:\/\/api.w.org\/{rel}","templated":true}]}}